 -8?
20
Calculate -8 + (-24 + 29 - (3 - 0 - -41) - -3).
-44
What is 16 + -26 + -35 + 30?
-15
What is the value of 0 - -6 - ((32 - -1) + (-138 - -119))?
-8
What is -3 + 4 - 3 - (-443 + 458 + (0 - 68))?
51
What is the value of -1877 + 1884 + (0 + 2 - 0 - (-1 - 1))?
11
2 + -1 + 0 + -5 - (-11 + -20 + 18)
9
-1 - 18 - (149 + (-224 - -87))
-31
60 - 17 - (538 + -496)
1
Calculate -4 - (-1 + (-1 - -19 - 12) - -1).
-10
Evaluate 62 + 0 - (-699 - -728).
33
What is 39 + (32 + -119 - 66)?
-114
What is the value of -1 - ((-49 - -13) + -13) - 127?
-79
Calculate 1115 - 1155 - (-2 + -55).
17
(-67 - -58) + 16 + 59
66
Calculate (-22 - (-5 + (-33 - -27))) + 18 + 4 + -4.
7
What is the value of (-23 - -13 - (21 + -10 + -19)) + 19?
17
17 - (23 - -16 - -20) - 2
-44
Calculate 8 + (17 - (-10 + 6)) + -20.
9
What is the value of -16 + -1 + (45 + -14 - 42) + (7 - 19)?
-40
Evaluate (71 - 28) + (13 - 59).
-3
What is 2 + (-10 - -6) + -42 + -6 + 21 + -22?
-51
What is the value of (138 - 49 - 15) + 7?
81
Evaluate (10 - (-1 - (2 - 2))) + 64 + -108 + -28.
-61
Calculate -3 + 2 + 154 - (-1570 - -1588).
135
-21 + 35 + -98 + 27
-57
What is (5 - (-73 - -54)) + 22 + 0?
46
-10 + -1 - (-21 - (-1 + (19 - 31)))
-3
Calculate (93 - 53) + (-6 - 38).
-4
What is the value of (2 - -26) + -88 - -24?
-36
Evaluate 17 + (20 + 6 + -16 - 0).
27
What is the value of 10 + -109 + (479 - 405)?
-25
What is 40 - (11 + -34 + 146)?
-83
What is the value of -51 - ((-9 - 0) + -394 + 386)?
-34
Evaluate 4 - (492 - 478 - (-17 + 0)).
-27
Calculate (0 - -1 - -19) + 135 + -397 + 267.
25
4 - (62 + -56) - (-65 + 2)
61
What is the value of -8 + 7 + 51 + -110?
-60
What is -2 - -43 - (-37 - -1 - -41)?
36
What is ((28 - 54) + 16 - 27) + 120?
83
What is the value of -60 + -1 + -1859 + 1906?
-14
What is the value of 29 - ((-3 + 30 - 65) + 20)?
47
What is 7 + (21 - (19 - 14))?
23
Evaluate -22 + 26 + -43 + 34.
-5
What is the value of 29 - (7 - 2) - (746 - 761)?
39
Calculate (-23 - (-20 + (39 - 6))) + (-3 - -5).
-34
(-16 - -110) + -57 + -115
-78
What is the value of -26 - (46 + -153) - (-1 + 29)?
53
Calculate -429 - -476 - ((2 - 3) + -4).
52
Evaluate 22 + 2 + 4 + 12 + -123.
-83
(-3 + -16 - -1) + (-91 - -82)
-27
What is 65 - (-68 - -7 - -100)?
26
(-12 - -6 - (18 - 37)) + (0 - 20 - -1)
-6
Calculate 11 + (0 + -52 - (-61 - -47)).
-27
Evaluate -13 - (9 - 7) - 10 - 8 - (-2 - -2).
-33
What is -3 - -9 - (-52 + 52) - (-1 - 1)?
8
Evaluate (8 + -6 + 3 - (6 + -3)) + (76 - 14).
64
What is 34 + -17 + 14 + -4 + -10?
17
-11 + (12 - 12) + (8 - 12 - -48) + -7
26
What is 42 + -34 + -34 + 56?
30
Evaluate 11 - ((-7 - 38) + 9) - 15.
32
What is -52 + (0 - -7) - (-1 + 2) - (-24 - -16)?
-38
What is the value of -26 + 25 + -25 - ((5 - 4 - 0) + -2)?
-25
-1 - 1 - (-21 + 15 + -29)
33
Evaluate 1 + 1 + -11 - (-6 - (6 + 36) - -11).
28
Calculate 3 + 0 + (11 - (21 + (0 - 13))) + -19.
-13
What is 17 - (-15 - (-13 + -7)) - (1 - -13) - 8?
-10
What is the value of -10 - (20 - 13 - 4 - 11 - (0 + 3))?
1
(-37 - (-35 - 13)) + 34
45
Evaluate 272 + -215 + 15 + -11.
61
What is -33 + (-5 - -22 - ((-13 - -33) + -8))?
-28
Evaluate (14 - (17 - (-14 + 13)) - 4) + -70.
-78
What is (11 - 19) + -109 - ((7 - 1) + (-95 - -88))?
-116
What is the value of (8 + 4 - 5 - 35 - -116) + 0 + 0?
88
What is (0 - -2) + -3 + 7 + (-6 - -11) + 31?
42
What is (-22 - 0 - (46 + -51)) + -5?
-22
Evaluate (-25 + 10 - 10) + (12 - 2) + -49.
-64
What is the value of (-48 - -142) + -68 + -45 + (0 - 55)?
-74
What is the value of 9 + 4 - (42 - (138 - (5 - -18)))?
86
0 - ((25 + -26 - (-5 + -2)) + 5)
-11
(1 - -2) + 14 - (762 + -744) - (1 + -56)
54
What is the value of (32 - 2) + (-101 - -70)?
-1
-1 - (5 + 6 + 13) - -16
-9
Calculate (10789 - 10833) + 0 + -18.
-62
Evaluate 75 - -17 - (-3 + (-15 - -18)).
92
What is (-2 - -12) + 91 + (106 - 201)?
6
Calculate 96 + (285 - 254) + 3 + -37.
93
(2 - -7) + -22 + (23 - (26 + -7))
-9
Evaluate -10 + 12 + 6 + 29 + (9 - 4) + -4.
38
Calculate -10 + 15 + (-70 + (9 - 4) - (-11 - -9)).
-58
Calculate -7 - (-4 + 28 + 41).
-72
Calculate -12 + 2 - ((-106 - -100) + -4 + 91 + -3).
-88
48 - 46 - (-10 + 11 - -7 - (-21 + -1))
-28
What is the value of -10 + 22 + (2 - ((-3 - -8) + -54))?
63
Evaluate 104 - (-7 - (-4 - ((8 - -21) + -5 + -8))).
91
Evaluate (-43 - (-51 + 29)) + (18 - 1).
-4
What is (-14 - -15) + (-48 - -124)?
77
Evaluate -194 + 186 + (-4 - -8 - -6) - 15.
-13
0 + 6 - (47 + (-1 - -10 - (15 - -1)))
-34
What is the value of 10 - (-36 - (-31 - -9) - 16)?
40
What is 134 - (-116 + -96 + 451)?
-105
Calculate 44 + -38 + 31 + -7.
30
Calculate (-581 - -587) + (5 - (2 + 9)) + 118.
118
Evaluate -20 + 19 + -1 + -2 + (-389 - -486).
93
9 - (-14 + (64 - (18 + -8)))
-31
What is the value of -14 - -6 - ((1 - -3) + (-36 - -35))?
-11
What is -2372 - -2388 - (2 - 4 - 31)?
49
What is 17 + -1 - (14 + (-35 - -32))?
5
What is 63 + -9 + 43 - 54?
43
35 + -34 + 52 - 61 - (0 - 78)
70
Evaluate 1259 + -1277 - (0 + -3 + 0 + 1).
-16
What is the value of 22 - (-3 + (2 - -1)) - (-1 - (-20 + 16))?
19
-14 - (-39 - 42 - -152)
-85
Calculate -23 - -6 - 32 - -65.
16
What is the value of (-14 - -97 - 99) + (8 - 0)?
-8
1 + 3 + (3 - (0 + 1)) - (1550 - 1549)
5
What is the value of (12 - (-49 - -1 - ((-77 - -35) + 50))) + -9?
59
What is (37 - -1) + -34 + -2?
2
Calculate (-6 - -10 - (11 + -53)) + (-14 - 1).
31
What is 3 + (-55 - -119) - 3?
64
What is the value of -55 + 23 + -22 + -13 + (0 + -2 - 1)?
-70
Calculate -7 - (1 - 2) - (-150 - (-103 + -61)).
-20
-2 - -49 - (-21 + 2 + 9 - 0 - 2)
59
What is the value of -3 - -3 - ((12 - 6 - 9) + 11)?
-8
Evaluate -91 + 54 - (-14 - 0).
-23
What is the value of (33 - 65) + -66 + 77?
-21
What is the value of (-66 - -28) + 61 + 97 + (6 - -3)?
129
(-10 - 0) + -27 + -43 + 21 + 73
14
76 + -99 - (-5 + -4)
-14
What is the value of -101 + -3 - (-137 + 92 - -18)?
-77
Evaluate (37 + -24 + (-31 - (-19 - -8)) - -15) + -28.
-20
Evaluate (9 - 17 - -65) + -15 + -4 + -10.
28
1144 + -1142 + (1 - 4 - -1 - (-51 + 1))
50
Calculate 4 - (122 - 58) - -96.
36
Evaluate 14 + -7 + -2 + -8 - -14 - 41.
-30
3 - (-12 - (-53 - (-30 + 18)))
-26
Evaluate (-8 - 72) + 34 + 59.
13
199 + 0 + 8344 + -8474
69
Evaluate -3 + -53 + (27 - (32 + -23)).
-38
What is the value of (-10 + -3 - 2) + (-107 - -75) - 17?
-64
Evaluate -216 + 255 + -6 + 9 + 24.
66
What is the value of (-17 - -20 - (20 + 1)) + 11 + -10?
-17
Evaluate -45 - (34 - 107 - -88).
-60
Evaluate -11 - (-8 - 56 - (-13 + 8 + -4)).
44
What is 51 + (37 - 112) + 32?
8
What is the value of -1 + 23 + (4712 + -4674 - (-25 - 1))?
86
Evaluate 9 + -2 - -77 - (-402 + 422).
64
19 + (-2 - -12 - (176 + -174))
27
Calculate 23 - (58 + (50 - 131)).
46
Evaluate (17 - (14 + (6 - -3))) + 4 + 4.
2
What is the value of 17 - (6 - 4) - (260 - 216)?
-29
Calculate -36 - -1 - (-2 - -16 - (-19 + 16) - 10).
-42
Evaluate 92 + (75 - 119) - -4.
52
What is the value of (304 - 239) + (13 - (2 + 5)) + 10?
81
What is -141 + (-25 - (566 + -578 + -22 + 1))?
-133
Evaluate (-34 - 21) + 37 + (2 - -19).
3
What is (-19 + 27 - 7) + (-8 - -30)?
23
(-2 - (-1 - -10)) + 15 + 27 - (5 + -3)
29
What is the value of 1 + -18 + 7 + 7 + (-68 - 0) + 9?
-62
What is the value of -13 - (17 - 38) - (4 - (3 + -4 + -7))?
-4
What is -40 - ((55 - 24) + -44) - -9?
-18
-6 + (46 - (7 - -12)) - 3
18
2 + (-11 - (-3 - ((-4 - -79) + -8) - -9))
52
What is (1 - 3 - 1 - 7) + -16 + 11 + 3?
-12
Calculate 0 - (27 + -1) - ((9 - -17) + -19 + -5).
-28
What is -35 - (-12 + -11 + 0)?
-12
Evaluate -3 - (-2 - (23 + 6 + -1 + -5)) - 6.
16
What is the value of 15 + -16 + 4 + 42 - 20?
25
What is -82 - -22 - (0 + -13 + 1)?
-48
7 - ((11 + -6 - 52) + -11 + 19 + -3)
49
What is (6 - -1) + 28 + -17 + -30 - (0 + 90)?
-102
(-184 - -186 - (-8 + 3)) + 92
99
79642 + -79627 + -24 + (3 - (-2 - -4))
-8
What is the value of 35 + -5 + -23 + -13 - (0 + -1)?
-5
What is -6 + 4 - 6 - (-888 + 903)?
-23
What is the value of 0 + -2 + -3 + -1 - (-418 + 206 - -209)?
-3
What is (0 - 4 - 44) + (-50 - -35) + 1 + 8?
-54
Calculate (34 - (-10 - -68)) + (-2 - -34).
8
Evaluate 1 - 0 - -7 - (-263 - 169 - -357).
83
What is the value of 32 - (-22 + 66 + -27) - -58?
73
What is the value of (-2 + -8 - 0) + (21 - (12 + (14 - 16)))?
1
Evaluate 86 + (-17 - 12) + 37 + -4.
90
Evaluate (-48 - (-2 + 1)) + 0 - (-5175 + 5169).
-41
Evaluate (-5 - -3) + -46 - (46 - 53).
-41
What is the value of -138 +